et i(k) = k**3 + 54*k**2 - 863*k - 93. What is i(15)?
2487
Let a(o) = 3522*o - 802938. Determine a(228).
78
Let q(p) = 9*p**3 + 191*p**2 + 42*p - 250. Calculate q(-21).
-250
Let f(w) = 147*w**3 - 1175*w**2 - 521*w + 4148. Determine f(8).
44
Let v(a) = 58*a**2 + 2194*a + 100. Determine v(-39).
2752
Let b(u) = 6*u**2 - 8266*u - 57852. What is b(-7)?
304
Let w(q) = -q**3 + 63*q**2 - 321*q + 55. Calculate w(5).
-100
Let j(x) = -8*x**3 - 3*x**2 - 95*x + 475. Give j(5).
-1075
Let s(t) = -t**3 + 8*t**2 - 56*t - 153. Give s(12).
-1401
Let r(u) = u**2 - 373*u + 31862. Calculate r(132).
50
Let w(k) = 12551*k - 4769392. Determine w(380).
-12
Let g(s) = 2*s**3 - 51*s**2 + 146*s + 887. Determine g(21).
-16
Let v(j) = -3*j**3 + 353*j**2 - 261*j + 1065. Give v(117).
-2094
Let g(r) = -r**3 - 113*r**2 - 694*r + 4999. Determine g(-106).
-89
Let v(l) = 2*l**3 + 18*l**2 - 40*l - 256. Determine v(-3).
-28
Let j(s) = 67*s**2 - 47*s - 4. What is j(2)?
170
Let y(l) = -257962*l + 4643312. What is y(18)?
-4
Let i(y) = 3236*y + 9650. Determine i(-3).
-58
Let m(d) = -5441*d + 10795. What is m(2)?
-87
Let s(f) = -1285*f - 38550. What is s(-30)?
0
Let d(g) = 59*g**2 - 528*g + 517. Give d(8).
69
Let q(o) = -11*o**3 + 17*o**2 + 210*o + 362. Determine q(-2).
98
Let n(f) = -29*f**2 - 1452*f - 4366. Give n(-3).
-271
Let f(u) = u**2 + 3522*u + 1934933. Determine f(-681).
212
Let l(k) = -k**3 + 3*k**2 + 26*k - 101. Determine l(4).
-13
Let m(d) = -400*d**3 - 724803*d**2 - 5439*d - 5437. Determine m(-1812).
-1
Let a(j) = -j**3 + 358*j**2 + 8352*j + 2743. Calculate a(380).
-297
Let t(h) = -h**3 + 27*h**2 + 524*h - 84. Give t(40).
76
Let d(u) = -6*u + 479. Give d(36).
263
Let d(p) = -111815*p + 447264. Determine d(4).
4
Let i(r) = -103508*r - 3. Give i(0).
-3
Let w(j) = -4*j**2 - 11*j + 2197. Calculate w(-33).
-1796
Let t(o) = o**3 - 4*o**2 - 1515*o + 6024. What is t(4)?
-36
Let b(k) = k**3 + 66*k**2 - 287*k - 373. Calculate b(-70).
117
Let i(z) = -24*z - 5128. Determine i(-111).
-2464
Let r(t) = 3*t**2 + 2563*t + 127548. Determine r(-53).
136
Let g(q) = q**3 - 32*q**2 - 136*q - 427. Calculate g(36).
-139
Let d(p) = -4*p**2 + 304*p - 3641. Determine d(15).
19
Let o(v) = 165*v**2 + 1438*v - 46577. Give o(13).
2
Let w(a) = 3*a**2 + 1549*a - 7681. Calculate w(5).
139
Let s(z) = 2583*z - 96672. Determine s(38).
1482
Let v(q) = 1408428*q - 5633705. Determine v(4).
7
Let x(r) = -1065837*r + 18119230. What is x(17)?
1
Let m(v) = -2020*v + 55452. What is m(26)?
2932
Let y(c) = c**3 - 125*c**2 - 390*c + 688. Calculate y(128).
-80
Let b(f) = f**3 + 3715*f**2 + 62666*f - 739605. What is b(-3698)?
-5
Let f(c) = -56987*c + 17609009. What is f(309)?
26
Let l(m) = -2*m**3 - 47*m**2 - 172*m + 223. Determine l(-6).
-5
Let z(a) = 488*a - 33041. What is z(67)?
-345
Let h(d) = -38539*d - 231552. Determine h(-6).
-318
Let q(z) = 23292*z + 372629. What is q(-16)?
-43
Let t(l) = 2*l**3 - 66*l**2 + 3*l + 2093. Calculate t(32).
141
Let g(n) = 47*n**3 + 10719*n**2 + 699*n + 3416. Give g(-228).
-4
Let g(y) = -6*y**2 - 46*y - 426. Determine g(-18).
-1542
Let m(g) = -g**3 + 86*g**2 - 1195*g + 2628. Determine m(14).
10
Let i(z) = 4*z**3 - 180*z**2 - 1320*z + 59426. Calculate i(45).
26
Let k(r) = -2349*r - 44673. Calculate k(-19).
-42
Let x(o) = -3*o**2 + 1155*o - 27561. What is x(24)?
-1569
Let r(n) = -2*n**3 + 66*n**2 + 63*n + 138. What is r(34)?
-32
Let q(r) = -20*r**2 - 736*r - 5015. Determine q(-9).
-11
Let c(p) = -55263*p - 1160503. What is c(-21)?
20
Let g(s) = -7*s**3 - 485*s**2 + 396*s + 36873. Determine g(-69).
27
Let q(t) = -69*t**2 - 8*t + 53. Determine q(-2).
-207
Let p(o) = 31*o**2 - 3101*o - 21788. What is p(-7)?
1438
Let m(a) = 5*a**3 + 3*a**2 + 53*a - 157. Give m(2).
1
Let q(n) = -21*n**3 - 4137*n**2 + 2*n + 376. What is q(-197)?
-18
Let q(o) = 8187*o - 2963785. What is q(362)?
-91
Let m(r) = 1289*r**2 - 1473328*r + 1135. Determine m(1143).
-8
Let j(v) = 216*v + 142. Give j(2).
574
Let r(x) = 150*x + 51428. Calculate r(-343).
-22
Let q(i) = 2*i**3 + 28*i**2 - 2193*i + 274. Calculate q(-41).
-587
Let k(y) = -33*y**2 + 1078*y + 267. Give k(32).
971
Let l(k) = -7*k**3 + 77*k**2 - 101*k + 35. What is l(8)?
571
Let y(q) = 7100*q - 28411. Calculate y(4).
-11
Let i(n) = -1051*n + 138732. Determine i(132).
0
Let i(o) = 4*o**2 + 377*o + 5808. Give i(-22).
-550
Let x(g) = 4*g**2 - 1285*g + 2612. What is x(2)?
58
Let c(w) = 957*w + 725420. Determine c(-758).
14
Let m(a) = -a**3 - 241*a**2 - 1838*a - 503363. Calculate m(-242).
-3
Let l(i) = 5*i**3 - 83*i**2 - 161*i + 2190. What is l(17)?
31
Let h(z) = 3219*z + 2548. Determine h(-1).
-671
Let r(m) = 2*m**2 - 309*m + 11577. What is r(62)?
107
Let v(k) = -k**3 + 27*k**2 - 180*k + 147. Calculate v(17).
-23
Let i(u) = -14155*u - 495457. Calculate i(-35).
-32
Let y(l) = -14568*l + 189513. Determine y(13).
129
Let k(m) = m**3 - 76*m**2 - 107*m + 8049. Determine k(76).
-83
Let u(z) = -33*z**2 - 2135*z - 79. Give u(-65).
-729
Let a(n) = 10488*n - 41938. Determine a(4).
14
Let x(n) = -19956*n + 179626. Give x(9).
22
Let g(h) = h**2 - 170*h + 4070. Calculate g(89).
-3139
Let a(g) = g**3 + 37*g**2 - 258*g + 75. Give a(-43).
75
Let b(h) = 144*h**2 + 2517*h - 1356. Calculate b(-18).
-6
Let x(b) = 19*b**2 - 574*b + 686. Calculate x(29).
19
Let p(v) = 3595*v - 794465. Calculate p(221).
30
Let s(l) = -381*l**2 + 1167*l - 1167. Give s(1).
-381
Let n(s) = -3*s**3 + 21*s**2 + 488*s - 3430. Calculate n(7).
-14
Let s(a) = a**3 - 43*a**2 + 145*a + 272. Determine s(41).
2855
Let z(t) = -t**3 + 8*t**2 - 55*t + 971. What is z(16)?
-1957
Let i(x) = -6*x**2 + 5108*x - 25436. What is i(5)?
-46
Let d(k) = -33*k**2 + 947*k + 5647. Calculate d(-6).
-1223
Let i(j) = 285*j - 7529. Calculate i(27).
166
Let b(k) = -k**2 - 9129*k - 63849. What is b(-7)?
5
Let g(u) = -u**2 - 54*u + 457. Determine g(-37).
1086
Let r(o) = -o**3 + 61*o**2 - 720*o + 5. Give r(45).
5
Let o(d) = -20960*d + 230932. Determine o(11).
372
Let j(f) = -1554*f**2 + 3092*f + 19. Give j(2).
-13
Let f(w) = 83*w**2 + 2406*w - 24. Calculate f(-29).
5
Let n(g) = 19*g**3 - 269*g**2 + 50*g - 811. What is n(14)?
-699
Let w(g) = g**3 + 42*g**2 - 93*g - 3046. Determine w(-43).
-896
Let b(p) = 87*p**3 - 7*p**2 + 12*p - 2. Give b(2).
690
Let v(o) = -2501*o - 24942. Give v(-10).
68
Let n(k) = -1205*k + 36318. Give n(30).
168
Let x(r) = -711*r**2 - 35646*r - 4801. Give x(-50).
-1
Let v(q) = -2*q**3 + 85*q**2 - 744*q - 133. Give v(11).
-694
Let y(p) = -7725*p - 494408. Give y(-64).
-8
Let a(b) = -67134*b - 51088963. Give a(-761).
11
Let j(z) = -54*z**2 + 5296*z + 499. Calculate j(98).
891
Let x(q) = 8*q**3 + 234*q**2 + 125*q + 2146. Determine x(-29).
203
Let y(n) = 705*n - 115630. What is y(164)?
-10
Let c(h) = -h**2 + 165*h - 6619. What is c(66)?
-85
Let t(n) = -123*n**2 - 1719*n + 175. Give t(-14).
133
Let b(y) = 26*y**2 - 386*y + 831. What is b(13)?
207
Let r(i) = -i**2 - 59*i + 3132. Calculate r(36).
-288
Let h(x) = -2*x**3 - 220*x**2 - 918*x + 4784. What is h(3)?
-4
Let y(u) = 202*u**2 + 366*u + 20. What is y(-2)?
96
Let p(y) = 4*y**2 - 918*y - 407693. Give p(454).
-1
Let s(p) = 5226*p + 5494. Calculate s(-1).
268
Let k(p) = p**2 + 2495*p + 743558. Give k(-346).
4
Let t(j) = -34*j**2 + 48*j - 247. Give t(5).
-857
Let o(j) = 5*j**3 - j**2 + 23*j + 63. Calculate o(-8).
-2745
Let t(c) = -532*c - 79230. Give t(-148).
-494
Let m(v) = -2703*v + 21285. What is m(8)?
-339
Let a(i) = -19*i**3 - 75*i**2 + 16*i + 34. What is a(-6)?
1342
Let j(n) = 24*n**3 - 23690*n**2 + 25637*n - 998. Give j(986).
-12
Let i(f) = 10577*f + 613425. Give i(-58).
-41
Let x(j) = -1429260*j + 2858530. Calculate x(2).
10
Let j(b) = -b**3 - 996*b**2 + 7013*b + 53. Give j(7).
-3
Let f(s) = -140*s - 2671. Determine f(-17).
-291
Let p(t) = 70326*t - 351760. Give p(5).
-130
Let h(s) = -s**3 + 31*s**2 - 8928*s + 317413. Calculate h(35).
33
Let q(c) = 68*c + 4143. Determine q(-64).
-209
Let g(y) = 3*y**3 + 75*y**2 - 1804*y. Give g(15).
-60
Let h(d) = 43*d + 3976. Give h(-101).
-367
Let u(r) = 147*r - 16513. What is u(140)?
4067
Let w(z) = -545*z**2 - 3690*z - 7381. What is w(-2)?
-2181
Let g(u) = -260*u - 3685. Give g(-8).
-1605
Let f(h) = h**2 - 53391*h + 587300. What is f(11)?
120
Let v(t) = t**3 + 41*t**2 + 152*t + 12. Give v(-5).
152
Let v(z) = -33*z**2 - 8518*z - 1036